2, 17
Suppose 5*b = -2*c - 1 + 3, 2*c = 3*b + 2. What are the prime factors of (-5 + 7)/(c + 0)?
2
Suppose h - 2*h = -65. What are the prime factors of h?
5, 13
Let a = 74 + -71. List the prime factors of a.
3
Let l(m) = 6*m**2 + 3*m + 2. Let u = 8 - 9. List the prime factors of l(u).
5
Let h(z) = 7*z + 48. List the prime factors of h(18).
2, 3, 29
Suppose r = -a - 6, -3 = r - 0*r. Let w be 1*(-3 - -2) - a. Suppose 4*s + w*l = 34, -23 = -0*s - 3*s - 2*l. List the prime factors of s.
11
Let k = 14 + -12. Suppose k*n - 3*n + 3 = 0. List the prime factors of n.
3
List the prime factors of (-66)/(-4)*(-56)/(-21).
2, 11
Let z = 20 + 39. Let n = -33 + z. List the prime factors of n.
2, 13
Let u be ((-24)/16)/((-3)/4). Suppose -3*s - 2*s = -4*m - 71, -u*s = -4*m - 38. What are the prime factors of s?
11
Suppose k - 6 = -k, 0 = r - 3*k - 103. List the prime factors of r.
2, 7
Let s(w) = 1 + 2*w - 2*w + 5*w**2 + w. Let y(j) = -j**2 - 3*j - 1. Let g be y(-3). List the prime factors of s(g).
5
Suppose -2*b + 5*b = 15. Suppose -x - 19 = -b*x + d, 4*x - 49 = -5*d. List the prime factors of x/36 - (-53)/6.
3
Let t = 14 - -81. Suppose -3*m + t = 2*m. List the prime factors of m.
19
Suppose -5*b + 10 = 0, 3*s - 3 = -5*b + 13. Suppose -35 + 11 = -s*r. Suppose -2*n + r = n. What are the prime factors of n?
2
Let y be 3*(-3 - (-1)/3). Let t = y - -11. What are the prime factors of t?
3
Let g = 96 - 91. What are the prime factors of g?
5
Let h = 45 - 73. Let u = h - -50. Let v = u + -10. List the prime factors of v.
2, 3
Suppose 3*i + 2*k = 4*k + 53, 4*k - 30 = -2*i. What are the prime factors of i?
17
Let m(z) be the second derivative of -z**5/60 + z**4/3 - z**3/6 - 3*z**2/2 + 2*z. Let t(s) be the first derivative of m(s). List the prime factors of t(6).
11
Suppose -4*g - f = -0*g + 1, 5*g - f = 10. Suppose -g = -2*u - 3. What are the prime factors of 16/(u/(2 - 3))?
2
Suppose -3*h + 60 = 3*r, 33 = -5*h - 3*r + 125. What are the prime factors of h?
2
Let r = -19 + 36. List the prime factors of r.
17
Let g = -18 - -47. What are the prime factors of g?
29
Let f(t) = -t**3 + 4*t**2 + 4. Let c be f(4). Suppose -4*h - 11 = d - 39, 0 = c*d - 5*h - 7. List the prime factors of d.
2
Let w = -8 - -16. List the prime factors of w.
2
Suppose 3*u + z = 376, u = 4*u + 5*z - 368. What are the prime factors of u?
2, 3, 7
Let b(x) = 7*x**3 - x**2 + 1. Suppose s = -0 + 2. Suppose o + s*z + 0*z - 9 = 0, 2*o + z = 6. List the prime factors of b(o).
7
Let d be -1 - (0 + 2 + 27). Let w = -8 - d. Suppose -4*p - w + 4 = -2*z, -5*p + 9 = 2*z. List the prime factors of z.
7
Let j(v) = -v**3 + 6*v**2 - 4*v - 4. Let r be j(4). Let y be 8/r + (-116)/(-6). Suppose 0*u - y = -2*u. What are the prime factors of u?
2, 5
Let m(v) = -v**3 + 6*v**2 - 4*v - 7. Let z = 4 + 1. Let l be m(z). What are the prime factors of (3 + 15)*l/(-4)?
3
Let s(l) = 13*l - 2. Let m be s(2). Let y = 101 + -104. List the prime factors of (m/16)/(y/(-32)).
2
Suppose -y + 3 = 6. Let s = 6 - y. What are the prime factors of s?
3
Let s = 1 - -3. Suppose 0 = 5*l - s*f - 406, 2*l + 5*f - 58 = l. Suppose -4*x + r - 8 + l = 0, 52 = 3*x - r. What are the prime factors of x?
2, 3
Let d be (-3)/(-6) + (-3)/(-6). List the prime factors of 26/(2/2 + d).
13
Let g(t) = -2*t - 4. Let p(l) = -2*l + 21. Let i(d) = d - 14. Let f(a) = 7*i(a) + 5*p(a). Let u be f(5). List the prime factors of g(u).
2, 3
Let t = -28 - -40. List the prime factors of t.
2, 3
Suppose -4*x - 141 = -437. List the prime factors of x.
2, 37
Suppose 5*i - 8*k + 4*k = 955, 795 = 4*i + 3*k. What are the prime factors of i?
3, 5, 13
Let h(y) = -y**2 - 5*y + 8. Let t be h(-6). Suppose i = -t + 12. Suppose -i = -x - x. List the prime factors of x.
5
Suppose 4*b = 3*z - 18, -2*b = 4*z + 2*b + 4. Suppose 3*o = -z*o. Suppose 0*s + 4*s - 12 = o. What are the prime factors of s?
3
Let n(b) = b**2 - 2*b - 1. Let r(m) = m + 2. Let q be r(-3). List the prime factors of n(q).
2
Let l(k) = -12*k - 26. List the prime factors of l(-9).
2, 41
Suppose k = -4*s + 25, 5*s - 15 = 3*k - 5. Let l(h) = -h**3 + 5*h**2 + h + 4. What are the prime factors of l(s)?
3
Suppose -2*v = -5*a - 325, -v - v - a = -307. Suppose -9*c = -14*c + v. List the prime factors of c.
31
Let s be (-3)/((63/(-6))/7). Suppose -20 - 2 = -s*b. What are the prime factors of b?
11
Suppose 4*z - 277 = 4*x + 231, -5*z = x - 659. List the prime factors of z.
131
Let k be (5 - 3) + 1 + 57. Let j = k + -96. Let f = -24 - j. List the prime factors of f.
2, 3
Suppose 5*w + 15 + 10 = 0. Let l(i) = -i + 5. List the prime factors of l(w).
2, 5
Let f be 0*(-1)/(-2) + 0. Suppose -l + 0*b - 4*b + 10 = f, -2*l + 31 = -3*b. What are the prime factors of l?
2, 7
Suppose -2*o + 4*p + 4 = -182, o - 4*p = 85. What are the prime factors of o?
101
Suppose 0 = o - 2*o + 4. Let m(h) = -h**2 - 1. Let k(a) = 6*a**2 + 1. Let c(b) = k(b) + 5*m(b). What are the prime factors of c(o)?
2, 3
Let a(h) be the second derivative of 0 - 1/20*h**5 + 1/3*h**3 - 4*h + 5/12*h**4 - 3/2*h**2. What are the prime factors of a(4)?
3, 7
Let q(z) = -28*z. Let g be q(1). Let o = 54 + g. Suppose -o = -3*a + 16. What are the prime factors of a?
2, 7
What are the prime factors of 68 - (-3 + 3 - -4)?
2
Suppose 2*q = 5*c + 33, 84 = 3*q - 0*c + 4*c. Suppose -i - q = -5*i. Suppose -d + 10 + i = 0. What are the prime factors of d?
2
Let m be (-3)/15 + 32/10. Suppose -m*y + 76 = 5*d, 0 = y - 2*d - 2*d + 3. What are the prime factors of y?
17
Let b be 3 - (0 + 2 + -1). Suppose 0 = 5*i - 30 - 45. List the prime factors of i/(-10)*(-4)/b.
3
Let g(j) = j + 7. What are the prime factors of g(6)?
13
Let c = 29 - -52. Let s = c + -58. List the prime factors of s.
23
Suppose 6 = -4*z + 26. Suppose z*v - 191 = -56. Let r = v - 16. What are the prime factors of r?
11
List the prime factors of (-118)/(-3)*(-9)/(-6).
59
Let m be 9/(-3)*4/(-6). Suppose -v - 5*n = -22, 1 = n - m. What are the prime factors of v?
7
Suppose 2*v + 18 = -22. Let m = 33 + v. List the prime factors of m.
13
Let a = 504 + -256. What are the prime factors of a?
2, 31
List the prime factors of (-9)/(-3)*168/3.
2, 3, 7
Suppose 2*f - 54 = -5*q, 0 = -5*q + 3*f + 5 + 39. Suppose 0 = 5*g - q - 0. Let i(c) = 2*c + 2. List the prime factors of i(g).
2, 3
Let f(t) = t**3 + 6*t - 21. List the prime factors of f(6).
3, 7, 11
Suppose -2*k - v = -326, -k - 2*k = -3*v - 489. What are the prime factors of k?
163
Let m = 142 - 66. Suppose -5*q - 16 = -m. List the prime factors of q.
2, 3
Let w(u) = u + 9. What are the prime factors of w(6)?
3, 5
Let c be 2/(-3) + (-30)/(-45). Suppose 0 = -4*w - 4*f + 60, 4*w + f + c*f = 72. List the prime factors of w.
19
Let n = 6 + -4. Suppose -p + 3 - n = 0. Let w = 2 + p. List the prime factors of w.
3
Let c = 123 - 331. What are the prime factors of 2/(-3) + c/(-6)?
2, 17
Let j(u) = 8 + u - 12 + 12 + 9. List the prime factors of j(-5).
2, 3
Let b(f) be the first derivative of f**3 - f**2/2 - f - 1. List the prime factors of b(2).
3
Suppose 5*j = 2*w - 20 - 66, 0 = 5*w + 4*j - 248. Suppose 0*x = 4*x - w. Suppose i = -2*l + 26, -8 = -5*i + x. What are the prime factors of l?
11
List the prime factors of ((-2)/2)/(1/(-4)).
2
Let w = -20 + 12. Let t(l) = -l**3 - 8*l**2 - l - 5. List the prime factors of t(w).
3
Let d = 1 - 0. Let k be 1/(d*(-3)/(-21)). Suppose 2*m - k*m = 2*n - 32, -3*n = -3*m - 6. List the prime factors of n.
2, 3
Let v(l) = 4*l**2 - 23*l - 13. List the prime factors of v(10).
157
Let k = -6 - 7. Let j = 26 + k. List the prime factors of j.
13
Suppose -5*z + 10 = -2*f, 0 = -0*z - z - 2*f - 10. Let i be z + 3 - (-3 + 4). What are the prime factors of (2*-2)/(-2)*i?
2
Let v(d) = d**3 + 10*d**2 - 6*d - 12. List the prime factors of v(-9).
3, 41
Suppose -5*a + 3*a + 2*b = -10, 0 = -b + 5. Suppose 6 = 2*j - a. What are the prime factors of j?
2
Let u be (0 - -2)/(-1 - -2). Suppose -6*l + 2*o + 6 = -3*l, -u*l = 4*o - 4. What are the prime factors of l?
2
Let j = 110 - 196. Let a = -53 - j. What are the prime factors of a?
3, 11
Let s(t) = t**3 + 5*t**2 + 5*t + 6. Let w(m) = -m**3 - 9*m**2 - 8*m - 4. Let f be w(-8). Let q be s(f). Suppose 6 = -0*d + q*d. What are the prime factors of d?
3
Let d(y) = -y + 10. List the prime factors of d(-12).
2, 11
Let y(i) = 9*i - 12. Let w(p